ppose -7*f = 3*f - 1950. What is the units digit of f?
5
Suppose -3*o - 2*i = -7*o - 60, 4*o - 3*i + 62 = 0. Let j = 14 + o. Let q = j + 6. What is the units digit of q?
6
Let s be ((-1)/(-2) - 0)*30. Let q be ((-10)/(-4) - 2)*0. Suppose n - s = -q*n. What is the units digit of n?
5
Suppose -4182 = -2*m - 2*t, 38*m - 36*m - 4*t = 4176. What is the thousands digit of m?
2
Suppose -2*k + 96 = 10*k. Suppose -f + k*f = 273. What is the tens digit of f?
3
Suppose 5*u + 17520 = 25*u. What is the tens digit of u?
7
Suppose 9*o + 90*o - 292149 = 0. What is the thousands digit of o?
2
Let n = -51 + 71. Let a(b) = 13*b - 127. Let y be a(10). What is the units digit of 17/y - n/30?
5
Let y(t) = 557*t - 202. What is the units digit of y(5)?
3
Suppose 6*w + 27 = 261. Let r = w - 13. What is the tens digit of r?
2
Suppose -l - 5*v = 5, -2*l + 5*l - 4 = 4*v. Suppose 2*w + 2*r + 0*r = l, -r = -4*w. What is the units digit of (4 - w) + (12 - 10)?
6
Suppose -g + 850 - 220 = -2*s, 0 = 5*g - 2*s - 3126. Let x be g/(-18)*(-9)/6. Let b = -31 + x. What is the units digit of b?
1
Let h be (-1960)/(-25) - (-4)/(-10). Let r = 124 - h. What is the units digit of r?
6
Let x(h) = -12*h - 3. Let s be x(-3). Let k be 5*(-7)/(-35)*(1 - 0). Suppose 4*i + k = s. What is the units digit of i?
8
What is the hundreds digit of 2/7 + 43578/63?
6
Let x = 17 - 19. Let t be -2*x/6*3. Suppose 67 = t*k + 9. What is the units digit of k?
9
Let d(c) = -45*c**2 - c. Let x be d(-1). Let s = x + 61. What is the units digit of s?
7
Suppose -3*b - 1 = -3*h + 11, b - 5*h + 12 = 0. What is the units digit of 6 - (4 - 2) - b?
6
Let f(p) = -p**3 + 15*p**2 + 17*p - 22. Let o be f(16). What is the tens digit of o/8*(-10)/(-15)*-150?
7
Let w = 4 - -8. Suppose -13*j = -w*j - 17. What is the tens digit of j?
1
Let u(i) = 771*i**2 - 4*i - 3. What is the tens digit of u(-1)?
7
Let p(d) = 32*d**2 - 28*d + 210. What is the hundreds digit of p(9)?
5
Let s(f) = -f - 5. Let d be s(-8). Let r(w) = -6 + 10 - d + 28*w. What is the tens digit of r(1)?
2
Let j(y) = -8*y - y**3 + 3*y**3 - 2*y**2 - 6*y**2 - 6 - y**3. Let z be j(9). What is the units digit of -2 + -1 + z - -21?
1
What is the thousands digit of ((-78)/(-28)*20)/((-11)/(-693))?
3
Let a(l) = l**2 - 27*l - 50. Let b be a(29). What is the tens digit of -286*(28/b - 4)?
4
Let m be ((-330)/77)/((-2)/14). Suppose m*u - 25*u - 375 = 0. What is the units digit of u?
5
Suppose -r = 4*v - 216, r = 3*r - 5*v - 380. What is the tens digit of r?
0
Let d = 29 - 24. Suppose -d*f + 29 = -101. What is the tens digit of f?
2
Suppose 0 = -3*j + 3 + 3. Let n be j/11 + (-40)/(-22). Suppose n*i + 110 = 7*i. What is the units digit of i?
2
Let k(p) = 32*p - 567. What is the hundreds digit of k(58)?
2
Let m = -2608 + 6512. What is the tens digit of m?
0
Let v = -86 - -347. Let d = v - 125. Suppose -17*n + 21*n - d = 0. What is the units digit of n?
4
Suppose 3*h - 2 = p - 7, 3*p + h + 25 = 0. Let t = -7 - p. Suppose t*n = -3*f + 5*n + 24, 5*n = -15. What is the units digit of f?
3
Let k be ((-2 - -1) + 1)/(-1). Let m(z) = z**3 - z**2 + 53. Let i be m(k). Let t = i + -24. What is the tens digit of t?
2
Let f(r) = -13*r - 9 - 9*r - 9. What is the hundreds digit of f(-9)?
1
Suppose -x + 38 = -21. What is the units digit of x?
9
Let i(w) = w**3 - 11*w**2 + 22*w - 48. What is the units digit of i(14)?
8
Suppose -6*k + 56 + 40 = 0. Suppose 4*j = -0*j + k. Suppose 0 = 5*q + 3*i + 78 - 237, -4*q + 124 = j*i. What is the tens digit of q?
3
Suppose 31*u = 5*u + 4940. What is the units digit of u?
0
Let p be -1 + 5 + -14 + 0. Let z(d) = -d - 8. What is the units digit of z(p)?
2
Let f = 17 - -5. Suppose -k = -w - f - 15, 2*w - 171 = -5*k. What is the units digit of k?
5
Suppose 4*a - 2512 = 4*u - 508, 4*u = 3*a - 1499. What is the tens digit of a?
0
Let c(u) = 2*u**3 - 2*u**2 + 7*u - 4. Let p be c(3). Let m = p - -12. What is the units digit of m?
5
Let h = 132 - -26. What is the hundreds digit of h?
1
Suppose 2*o = -4*t - 18, 7*o + t = 2*o - 36. Let j(d) = d**3 + 5*d**2 - 6*d + 1. Let q be j(-6). Let y = q - o. What is the units digit of y?
8
Suppose -38*u + 14951 = -743. What is the hundreds digit of u?
4
Let t(l) = -10 - 20*l + 7 + 8. What is the tens digit of t(-6)?
2
Let v(y) = -y**2 - y + 27. Let f be v(0). Let u be (1629/f)/(2/(-6)). What is the tens digit of u/(-4) - (-3)/(-12)?
4
Let r = -2989 - -136. What is the tens digit of r/(-36) + 1/(-4)?
7
Let g be 1*(1 + (-12)/4). Let q(d) = -d + 1. Let b be q(g). Suppose 0*z - z + b = 0. What is the units digit of z?
3
Let q be (-5 - (1 + -5))*1. What is the hundreds digit of (-6)/(36/1842)*q?
3
Let z(b) = 10*b + 7. Suppose -5*q = 5*s - 10, 2*s + 3 + 11 = 4*q. Let f be z(q). Let o = f - 22. What is the units digit of o?
5
Let h be (-284)/(-10) + 0 + 2/(-5). Suppose 36*l - 784 = h*l. What is the tens digit of l?
9
Suppose 4*a - 1719 - 529 = 0. What is the tens digit of a?
6
Let z be (-5)/(-2*1/2). Suppose -23*u + 6 = -21*u. Suppose -12 = -z*w + u*w. What is the units digit of w?
6
Let n(i) be the first derivative of 3*i**5/10 + i**4/12 - i**3/6 + 5*i**2/2 + 3. Let b(f) be the second derivative of n(f). What is the tens digit of b(1)?
1
Let s(q) = -2961*q + 13. What is the units digit of s(-1)?
4
Let z = 24 - 20. Suppose z*s = -3*s + 1855. What is the hundreds digit of s?
2
Suppose -643 = -m - 5*z, -4*m + 2539 = 2*z - 105. What is the tens digit of m?
6
Suppose -i = -2*i - 4*s + 38, 3*i = 4*s + 162. Suppose -3*l - i + 275 = 0. What is the units digit of l?
5
Suppose -3*i = -70 - 83. Let b = i - -171. Suppose 5*g - b = -3*l, -5*g + 8*l - 3*l = -190. What is the tens digit of g?
4
Let f be ((-5)/15)/(3/2439). Let l = 395 + f. What is the tens digit of l?
2
Suppose 4*i + 119 + 268 = o, i - 5*o = -73. Let j = i - -231. What is the units digit of j?
3
Suppose 4*n = -0*n + 20. Suppose -5*r - 2*x = -0*r + 1, 5*r + n*x + 10 = 0. What is the units digit of ((-4)/(-8))/(r/2)?
1
Suppose -3*m - 561 = 4*h - 177, -4*h = 4*m + 512. Let i be (6/(-8))/((-2)/m). What is the units digit of (i/(-30))/(2/15)?
2
Let h = 6 - -2. Let d(x) = x**2 + 7*x + 8. Let b be d(-6). Suppose -b*z + h = -36. What is the tens digit of z?
2
Let v = 4 - 1. Let i = 21 + v. Let o = i + -4. What is the units digit of o?
0
Suppose -l - 2*l + 10 = -j, -20 = -2*l + 4*j. Suppose l*v = -m + 20, 0 = -2*v + 6*v + 5*m - 28. What is the units digit of v?
2
Let n(y) = -y**3 + 4*y**2 + 4*y - 7. Let t be n(3). What is the units digit of ((-19)/7 - 4/t)*-41?
3
Suppose -j = -2*r - 0*j + 275, 2*j = 3*r - 411. What is the tens digit of r?
3
Suppose 0*n = -3*n - 15. Let v be (1 - n)*1/2. Suppose -5 = -v*r + 7, 5*r - 56 = -3*b. What is the tens digit of b?
1
Let c(o) be the second derivative of 6*o**3 - 23*o. What is the tens digit of c(5)?
8
Suppose 4*v - 4 = 0, 2*n + v - 132 = 129. What is the tens digit of n?
3
Let w be (-22)/5 - 26/(-65). What is the units digit of ((-360)/1)/w + -3?
7
Let b(o) = o**3 + 8*o**2 + 12*o + 2. What is the units digit of b(-6)?
2
Suppose -226 - 10 = -4*b. Let s = b + -42. What is the tens digit of s?
1
Suppose a - 1632 = -2*h, -2*h - 2*h - 4*a = -3256. What is the hundreds digit of h?
8
Let o(h) = h - 7. Let p be o(6). Let i be -4 - (-2 + -3) - p. Suppose 4*l = 18 - 6, -i*l = -3*j + 48. What is the tens digit of j?
1
Suppose 38*f + 19448 = 55*f. What is the thousands digit of f?
1
Suppose -3*x + 4*x - i - 2 = 0, -4*i = -12. Suppose 0 = x*c + 2*c - 532. Suppose -4*v + 5*j + 126 = -0*v, 2*v = -4*j + c. What is the units digit of v?
4
Let o = 112 + 190. What is the hundreds digit of o?
3
Let f be (56/49)/(2/7). Suppose 0 = f*z - 12*z. Let x(i) = i**2 - i + 71. What is the tens digit of x(z)?
7
Let p(o) = 0 + 3*o + 10*o - 3 + 1. What is the tens digit of p(6)?
7
What is the hundreds digit of (7 + -10 - 6)/((-2)/524)?
3
Let g(q) = 86*q**2 + 62*q - 3. What is the thousands digit of g(-5)?
1
What is the units digit of (3 - (0 + -506))*1?
9
Suppose 0 = -2*u + 39 - 13. Suppose 58 = 5*q - d, -q - 3*d = 3*q - 35. Let m = q + u. What is the units digit of m?
4
Suppose 3*b = -x + 512, -b - 6*x + x + 166 = 0. What is the hundreds digit of b?
1
Suppose 5*x + 2*i + 5 = 0, -x - 4*x + 3*i - 5 = 0. Let n be (48/(-9) + 5)/(2/(-24)). Let z = n - x. What is the units digit of z?
5
S